 6) to base 10.
-4
-8 (base 11) to base 5
-13
Convert -2 (base 12) to base 7.
-2
Convert 32 (base 4) to base 8.
16
What is -28 (base 13) in base 5?
-114
What is -10011010 (base 2) in base 7?
-310
-3 (base 6) to base 16
-3
Convert -a (base 12) to base 9.
-11
Convert 27 (base 14) to base 15.
25
Convert -132 (base 4) to base 8.
-36
8 (base 16) to base 9
8
-67 (base 9) to base 8
-75
-10 (base 4) to base 6
-4
-2 (base 12) to base 15
-2
Convert 12 (base 12) to base 10.
14
3 (base 15) to base 4
3
What is 48 (base 14) in base 5?
224
Convert 27 (base 8) to base 3.
212
4 (base 14) to base 4
10
Convert 5 (base 8) to base 13.
5
What is 1010 (base 2) in base 15?
a
Convert -e (base 15) to base 9.
-15
What is 3 (base 15) in base 11?
3
Convert 4 (base 15) to base 2.
100
Convert -2 (base 6) to base 2.
-10
What is 62 (base 7) in base 9?
48
What is -1e (base 16) in base 5?
-110
Convert -1 (base 16) to base 6.
-1
3 (base 15) to base 10
3
111 (base 3) to base 11
12
What is 7 (base 16) in base 12?
7
Convert -33 (base 13) to base 6.
-110
What is -21 (base 10) in base 6?
-33
Convert -111 (base 3) to base 9.
-14
What is 1b (base 14) in base 8?
31
Convert -5 (base 6) to base 11.
-5
1321 (base 4) to base 7
232
What is -15 (base 7) in base 4?
-30
-11 (base 3) to base 10
-4
113 (base 10) to base 15
78
What is 4 (base 5) in base 16?
4
Convert 17 (base 16) to base 12.
1b
What is 3 (base 16) in base 7?
3
1112 (base 3) to base 7
56
Convert 11 (base 2) to base 15.
3
23 (base 8) to base 6
31
What is -88 (base 16) in base 6?
-344
-23 (base 4) to base 6
-15
-15 (base 13) to base 7
-24
275 (base 9) to base 5
1410
What is 1244 (base 5) in base 12?
147
Convert -4 (base 15) to base 10.
-4
35 (base 7) to base 13
20
-266 (base 8) to base 7
-350
Convert 3302 (base 4) to base 10.
242
-1 (base 8) to base 16
-1
-25 (base 6) to base 5
-32
-6 (base 9) to base 14
-6
-402 (base 6) to base 14
-a6
What is -1 (base 2) in base 15?
-1
-16 (base 13) to base 4
-103
What is 1 (base 5) in base 16?
1
Convert c (base 15) to base 11.
11
What is 101 (base 4) in base 11?
16
-10 (base 14) to base 12
-12
54 (base 8) to base 12
38
Convert 11 (base 9) to base 15.
a
What is 0 (base 9) in base 15?
0
What is 10 (base 3) in base 12?
3
What is -4 (base 7) in base 13?
-4
Convert 32 (base 5) to base 15.
12
What is 6 (base 14) in base 16?
6
Convert -3 (base 8) to base 11.
-3
-1 (base 16) to base 14
-1
-24 (base 11) to base 15
-1b
-9 (base 15) to base 7
-12
Convert 21 (base 4) to base 7.
12
13 (base 4) to base 10
7
4 (base 8) to base 2
100
Convert 6e (base 15) to base 4.
1220
Convert 310 (base 6) to base 15.
79
Convert 5 (base 8) to base 14.
5
3 (base 4) to base 6
3
What is -76 (base 13) in base 11?
-89
What is 1001110 (base 2) in base 12?
66
-3 (base 8) to base 2
-11
What is 3 (base 15) in base 7?
3
Convert -11011 (base 2) to base 11.
-25
Convert 144 (base 6) to base 14.
48
-3 (base 4) to base 5
-3
Convert -20 (base 16) to base 11.
-2a
What is 17 (base 8) in base 11?
14
-3 (base 6) to base 15
-3
Convert -2 (base 8) to base 4.
-2
125 (base 9) to base 10
104
303 (base 7) to base 16
96
What is 21 (base 3) in base 7?
10
What is 10001110 (base 2) in base 7?
262
What is 9 (base 13) in base 8?
11
Convert 2 (base 12) to base 9.
2
What is -4 (base 16) in base 14?
-4
Convert 161 (base 15) to base 12.
224
What is -10 (base 4) in base 10?
-4
Convert 0 (base 6) to base 8.
0
Convert 26 (base 10) to base 16.
1a
What is -11 (base 3) in base 8?
-4
-101 (base 10) to base 6
-245
Convert -82 (base 11) to base 3.
-10100
Convert 208 (base 10) to base 3.
21201
What is -1 (base 3) in base 11?
-1
64 (base 15) to base 12
7a
Convert 120 (base 4) to base 3.
220
Convert -1002 (base 3) to base 11.
-27
Convert -3 (base 4) to base 7.
-3
What is -32 (base 9) in base 8?
-35
What is -30 (base 7) in base 15?
-16
-3 (base 15) to base 8
-3
What is -1 (base 5) in base 12?
-1
12201 (base 3) to base 12
10a
7b (base 12) to base 10
95
Convert -20 (base 9) to base 2.
-10010
3 (base 9) to base 13
3
2 (base 14) to base 10
2
Convert 13 (base 13) to base 12.
14
Convert 3 (base 16) to base 6.
3
Convert 16 (base 15) to base 7.
30
What is 10 (base 4) in base 3?
11
Convert 10 (base 10) to base 8.
12
Convert -12a (base 12) to base 8.
-262
What is 10 (base 7) in base 8?
7
Convert -5 (base 10) to base 12.
-5
Convert 1002 (base 3) to base 15.
1e
-213 (base 4) to base 6
-103
What is 1 (base 2) in base 3?
1
-4 (base 5) to base 2
-100
103 (base 4) to base 12
17
1010001 (base 2) to base 9
100
What is be (base 15) in base 16?
b3
Convert 10 (base 6) to base 11.
6
Convert 1 (base 16) to base 3.
1
What is 0 (base 16) in base 9?
0
-2 (base 8) to base 14
-2
-111 (base 3) to base 13
-10
Convert 32 (base 7) to base 8.
27
Convert -3 (base 8) to base 15.
-3
-11132 (base 4) to base 5
-2400
0 (base 11) to base 10
0
What is -a (base 13) in base 3?
-101
Convert 412 (base 5) to base 8.
153
Convert 7b (base 12) to base 10.
95
What is -3 (base 8) in base 13?
-3
-30 (base 8) to base 15
-19
What is -25 (base 13) in base 16?
-1f
143 (base 5) to base 4
300
13 (base 5) to base 10
8
Convert -1001101 (base 2) to base 8.
-115
1010000 (base 2) to base 11
73
Convert -28 (base 12) to base 10.
-32
11 (base 11) to base 5
22
What is -15 (base 6) in base 11?
-10
What is 423 (base 7) in base 4?
3111
What is -312 (base 5) in base 16?
-52
21 (base 5) to base 6
15
What is 10010 (base 2) in base 4?
102
100 (base 2) to base 15
4
-1 (base 8) to base 15
-1
Convert 12 (base 3) to base 5.
10
Convert -8 (base 11) to base 9.
-8
Convert -79 (base 16) to base 13.
-94
Convert 1 (base 12) to base 8.
1
Convert 5 (base 14) to base 5.
10
9 (base 11) to base 2
1001
What is 1001 (base 3) in base 16?
1c
111 (base 5) to base 10
31
-4 (base 11) to base 12
-4
Convert -1 (base 5) to base 7.
-1
25 (base 12) to base 2
11101
What is 0 (base 13) in base 10?
0
Convert 146 (base 7) to base 11.
76
What is 10 (base 7) in base 12?
7
What is 1000 (base 2) in base 5?
13
Convert 2 (base 15) to base 10.
2
Convert -8d (base 15) to base 3.
-11221
41 (base 6) to base 5
100
Convert 13 (base 6) to base 8.
11
Convert -11 (base 10) to base 11.
-10
What is 2 (base 14) in base 15?
2
What is 6 (base 16) in base 2?
110
-1 (base 4) to base 14
-1
-124 (base 7) to base 9
-74
1 (base 10) to base 2
1
Convert 77 (base 13) to base 7.
200
What is 0 (base 10) in base 12?
0
-2 (base 13) to base 16
-2
What is 1 (base 4) in base 5?
1
17 (base 9) to base 16
10
What is -433 (base 5) in base 8?
-166
102 (base 4) to base 12
16
Convert -35 (base 12) to base 2.
-101001
294 (base 11) to base 12
249
What is -3 (base 4) in base 11?
-3
What is 25 (base 15) in base 11?
32
What is 2020 (base 4) in base 7?
253
Convert -2 (base 15) to base 4.
-2
What is 30 (base 4) in base 15?
c
3 (base 6) to base 13
3
1100110 (base 2) to base 4
1212
-22 (base 3) to base 6
-12
-1 (base 14) to base 10
-1
-110 (base 2) to base 7
-6
2 (base 10) to base 15
2
101 (base 5) to base 13
20
What is -11 (base 16) in base 15?
-12
3 (base 5) to base 9
3
Convert -12 (base 3) to base 2.
-101
Convert 4 (base 5) to base 7.
4
14 (base 6) to base 14
a
Convert -a6 (base 15) to base 9.
-183
What is -ad (base 14) in base 5?
-1103
What is 14 (base 12) in base 4?
100
What is 11 (base 9) in base 3?
101
What is -21 (base 7) in base 15?
-10
-6 (base 13) to base 16
-6
Convert -2 (base 7) to base 15.
-2
Convert -d (base 16) to base 10.
-13
What is -4 (base 11) in base 12?
-4
25 (base 8) to base 4
111
Convert -2 (base 12) to base 3.
-2
Convert -12 (base 13) to base 4.
-33
Convert 32 (base 6) to base 15.
15
What is -1 (base 4) in base 7?
-1
-422 (base 7) to base 16
-d4
Convert -10100 (base 2) to base 7.
-26
Convert -144 (base 6) to base 8.
-100
42 (base 5) to base 13
19
What is 3 (base 8) in base 6?
3
Convert 301 (base 4) to base 15.
34
What is 105 (base 7) in base 6?
130
What is 2 (base 3) in base 7?
2
Convert 5 (base 10) to base 4.
11
20 (base 4) to base 12
8
12 (base 11) to base 9
14
Convert 1210 (base 3) to base 16.
30
a (base 16) to base 14
a
-45 (base 6) to base 16
-1d
Convert 202 (base 4) to base 3.
1021
-2 (base 3) to base 16
-2
Convert 1130 (base 4) to base 5.
332
-2 (base 16) to base 7
-2
Convert 26 (base 9) to base 7.
33
Convert -20 (base 11) to base 10.
-22
What is -32 (base 7) in base 3?
-212
Convert 1223 (base 4